{"id":273,"date":"2016-04-28T17:55:47","date_gmt":"2016-04-28T16:55:47","guid":{"rendered":"http:\/\/www.sfsnmc.org\/?page_id=273"},"modified":"2022-03-21T12:47:57","modified_gmt":"2022-03-21T11:47:57","slug":"symposiums","status":"publish","type":"page","link":"https:\/\/www.sfsnmc.org\/index.php\/symposiums\/","title":{"rendered":"Symposiums"},"content":{"rendered":"<p>R\u00e9guli\u00e8rement, l\u2019association organise des colloques afin de permettre aux personnes int\u00e9ress\u00e9es de pr\u00e9senter leurs r\u00e9sultats, de participer aux discussions, de d\u00e9couvrir, de se rencontrer et de partager autour de la Science Nucl\u00e9aire dans la Mati\u00e8re Condens\u00e9e.<\/p>\n<p>Ces Symposiums RNBE traitent de l\u2019\u00e9tat de la science, des avanc\u00e9es dans les th\u00e9matiques classiques, de l\u2019actualit\u00e9 internationale du sujet, mais aussi des d\u00e9couvertes pratiques ou th\u00e9oriques qui pourraient avoir un impact sur la compr\u00e9hension de la science en g\u00e9n\u00e9ral.<\/p>\n<p>&nbsp;<\/p>\n<blockquote class=\"wp-embedded-content\" data-secret=\"rqnGTWe6VE\"><p><a href=\"https:\/\/www.sfsnmc.org\/index.php\/symposiums\/symposium-rnbe2016\/\">Symposium RNBE-2016<\/a><\/p><\/blockquote>\n<p><iframe loading=\"lazy\" class=\"wp-embedded-content\" sandbox=\"allow-scripts\" security=\"restricted\" style=\"position: absolute; clip: rect(1px, 1px, 1px, 1px);\" title=\"\u00ab\u00a0Symposium RNBE-2016\u00a0\u00bb &#8212; SFSNMC\" src=\"https:\/\/www.sfsnmc.org\/index.php\/symposiums\/symposium-rnbe2016\/embed\/#?secret=t30aUtmRFw#?secret=rqnGTWe6VE\" data-secret=\"rqnGTWe6VE\" width=\"600\" height=\"338\" frameborder=\"0\" marginwidth=\"0\" marginheight=\"0\" scrolling=\"no\"><\/iframe><\/p>\n<blockquote class=\"wp-embedded-content\" data-secret=\"dwInKmWjcb\"><p><a href=\"https:\/\/www.sfsnmc.org\/index.php\/symposiums\/symposium-rnbe2018\/\">Symposium RNBE-2018<\/a><\/p><\/blockquote>\n<p><iframe loading=\"lazy\" class=\"wp-embedded-content\" sandbox=\"allow-scripts\" security=\"restricted\" style=\"position: absolute; clip: rect(1px, 1px, 1px, 1px);\" title=\"\u00ab\u00a0Symposium RNBE-2018\u00a0\u00bb &#8212; SFSNMC\" src=\"https:\/\/www.sfsnmc.org\/index.php\/symposiums\/symposium-rnbe2018\/embed\/#?secret=AML4BdMM2u#?secret=dwInKmWjcb\" data-secret=\"dwInKmWjcb\" width=\"600\" height=\"338\" frameborder=\"0\" marginwidth=\"0\" marginheight=\"0\" scrolling=\"no\"><\/iframe><\/p>\n<blockquote class=\"wp-embedded-content\" data-secret=\"eLNb7P8Zqm\"><p><a href=\"https:\/\/www.sfsnmc.org\/index.php\/symposiums\/symposium-rnbe2020\/\">Symposium RNBE-2020<\/a><\/p><\/blockquote>\n<p><iframe loading=\"lazy\" class=\"wp-embedded-content\" sandbox=\"allow-scripts\" security=\"restricted\" style=\"position: absolute; clip: rect(1px, 1px, 1px, 1px);\" title=\"\u00ab\u00a0Symposium RNBE-2020\u00a0\u00bb &#8212; SFSNMC\" src=\"https:\/\/www.sfsnmc.org\/index.php\/symposiums\/symposium-rnbe2020\/embed\/#?secret=ngwBJdcS4z#?secret=eLNb7P8Zqm\" data-secret=\"eLNb7P8Zqm\" width=\"600\" height=\"338\" frameborder=\"0\" marginwidth=\"0\" marginheight=\"0\" scrolling=\"no\"><\/iframe><\/p>\n<p>&nbsp;<\/p>\n<blockquote class=\"wp-embedded-content\" data-secret=\"ewLIY16SHy\"><p><a href=\"https:\/\/www.sfsnmc.org\/index.php\/symposiums\/symposium-rnbe-2022\/\">Symposium RNBE-2022<\/a><\/p><\/blockquote>\n<p><iframe loading=\"lazy\" class=\"wp-embedded-content\" sandbox=\"allow-scripts\" security=\"restricted\" style=\"position: absolute; clip: rect(1px, 1px, 1px, 1px);\" title=\"\u00ab\u00a0Symposium RNBE-2022\u00a0\u00bb &#8212; SFSNMC\" src=\"https:\/\/www.sfsnmc.org\/index.php\/symposiums\/symposium-rnbe-2022\/embed\/#?secret=F19ymepiFq#?secret=ewLIY16SHy\" data-secret=\"ewLIY16SHy\" width=\"600\" height=\"338\" frameborder=\"0\" marginwidth=\"0\" marginheight=\"0\" scrolling=\"no\"><\/iframe><\/p>\n<p>&nbsp;<\/p>\n","protected":false},"excerpt":{"rendered":"<p>R\u00e9guli\u00e8rement, l\u2019association organise des colloques afin de permettre aux personnes int\u00e9ress\u00e9es de pr\u00e9senter leurs r\u00e9sultats, de participer aux discussions, de d\u00e9couvrir, de se rencontrer et de partager autour de la Science Nucl\u00e9aire dans la Mati\u00e8re Condens\u00e9e. Ces Symposiums RNBE traitent de l\u2019\u00e9tat de la science, des avanc\u00e9es dans les th\u00e9matiques classiques, de l\u2019actualit\u00e9 internationale du&hellip;<\/p>\n","protected":false},"author":1,"featured_media":0,"parent":0,"menu_order":4,"comment_status":"closed","ping_status":"closed","template":"page-templates\/template-full-width.php","meta":{"footnotes":""},"class_list":["post-273","page","type-page","status-publish","hentry"],"_links":{"self":[{"href":"https:\/\/www.sfsnmc.org\/index.php\/wp-json\/wp\/v2\/pages\/273","targetHints":{"allow":["GET"]}}],"collection":[{"href":"https:\/\/www.sfsnmc.org\/index.php\/wp-json\/wp\/v2\/pages"}],"about":[{"href":"https:\/\/www.sfsnmc.org\/index.php\/wp-json\/wp\/v2\/types\/page"}],"author":[{"embeddable":true,"href":"https:\/\/www.sfsnmc.org\/index.php\/wp-json\/wp\/v2\/users\/1"}],"replies":[{"embeddable":true,"href":"https:\/\/www.sfsnmc.org\/index.php\/wp-json\/wp\/v2\/comments?post=273"}],"version-history":[{"count":13,"href":"https:\/\/www.sfsnmc.org\/index.php\/wp-json\/wp\/v2\/pages\/273\/revisions"}],"predecessor-version":[{"id":483,"href":"https:\/\/www.sfsnmc.org\/index.php\/wp-json\/wp\/v2\/pages\/273\/revisions\/483"}],"wp:attachment":[{"href":"https:\/\/www.sfsnmc.org\/index.php\/wp-json\/wp\/v2\/media?parent=273"}],"curies":[{"name":"wp","href":"https:\/\/api.w.org\/{rel}","templated":true}]}}