{"id":388,"date":"2020-06-02T10:17:35","date_gmt":"2020-06-02T09:17:35","guid":{"rendered":"http:\/\/www.sfsnmc.org\/?page_id=388"},"modified":"2022-03-20T12:50:36","modified_gmt":"2022-03-20T11:50:36","slug":"symposium-rnbe2020","status":"publish","type":"page","link":"https:\/\/www.sfsnmc.org\/index.php\/symposiums\/symposium-rnbe2020\/","title":{"rendered":"Symposium RNBE-2020"},"content":{"rendered":"\r\n<h1 class=\"wp-block-heading\" style=\"text-align: center;\">3<sup>\u00e8me<\/sup> Symposium sur les<\/h1>\r\n<h1 style=\"text-align: center;\">R\u00e9actions Nucl\u00e9aires \u00e0 Basse \u00c9nergie<\/h1>\r\n\r\n\r\n\r\n<h2 class=\"wp-block-heading\">Date et Lieu<\/h2>\r\n\r\n\r\n\r\n\r\n\r\n<p>Le colloque RNBE2020 a eu lieu le <strong>Samedi 21 novembre 2020<\/strong>.<\/p>\r\n\r\n\r\n\r\n<p>\u00c9tant donn\u00e9 le contexte particulier li\u00e9 au COVID19 le colloque fut organis\u00e9 sous forme de visioconf\u00e9rence.<\/p>\r\n\r\n\r\n\r\n<p>Nous sommes conscients que cette forme de r\u00e9union virtuelle est beaucoup moins conviviale qu&rsquo;un vrai rassemblement. Malheureusement l&rsquo;\u00e9volution de la situation sanitaire nous a conduit \u00e0 cette d\u00e9cision.<\/p>\r\n<h2>Pr\u00e9sentations<\/h2>\r\n<p>Les documents de pr\u00e9sentations de la conf\u00e9rence sont disponibles <a href=\"https:\/\/drive.google.com\/drive\/folders\/11Kb-rfD9VZsdjAfhNtQWP2tu5gBIzQny?usp=sharing\">ici<\/a>.<\/p>\r\n<p>Les vid\u00e9os des pr\u00e9sentations sont disponibles <a href=\"https:\/\/drive.google.com\/drive\/folders\/1HOQkbbGDKtEivVLsRh_sTV0vIsdDlNRx?usp=sharing\">ici<\/a>.<\/p>\r\n\r\n\r\n\r\n\r\n","protected":false},"excerpt":{"rendered":"<p>3\u00e8me Symposium sur les R\u00e9actions Nucl\u00e9aires \u00e0 Basse \u00c9nergie Date et Lieu Le colloque RNBE2020 a eu lieu le Samedi 21 novembre 2020. \u00c9tant donn\u00e9 le contexte particulier li\u00e9 au COVID19 le colloque fut organis\u00e9 sous forme de visioconf\u00e9rence. Nous sommes conscients que cette forme de r\u00e9union virtuelle est beaucoup moins conviviale qu&rsquo;un vrai rassemblement.&hellip;<\/p>\n","protected":false},"author":1,"featured_media":0,"parent":273,"menu_order":2,"comment_status":"closed","ping_status":"closed","template":"page-templates\/template-full-width.php","meta":{"footnotes":""},"class_list":["post-388","page","type-page","status-publish","hentry"],"_links":{"self":[{"href":"https:\/\/www.sfsnmc.org\/index.php\/wp-json\/wp\/v2\/pages\/388","targetHints":{"allow":["GET"]}}],"collection":[{"href":"https:\/\/www.sfsnmc.org\/index.php\/wp-json\/wp\/v2\/pages"}],"about":[{"href":"https:\/\/www.sfsnmc.org\/index.php\/wp-json\/wp\/v2\/types\/page"}],"author":[{"embeddable":true,"href":"https:\/\/www.sfsnmc.org\/index.php\/wp-json\/wp\/v2\/users\/1"}],"replies":[{"embeddable":true,"href":"https:\/\/www.sfsnmc.org\/index.php\/wp-json\/wp\/v2\/comments?post=388"}],"version-history":[{"count":12,"href":"https:\/\/www.sfsnmc.org\/index.php\/wp-json\/wp\/v2\/pages\/388\/revisions"}],"predecessor-version":[{"id":473,"href":"https:\/\/www.sfsnmc.org\/index.php\/wp-json\/wp\/v2\/pages\/388\/revisions\/473"}],"up":[{"embeddable":true,"href":"https:\/\/www.sfsnmc.org\/index.php\/wp-json\/wp\/v2\/pages\/273"}],"wp:attachment":[{"href":"https:\/\/www.sfsnmc.org\/index.php\/wp-json\/wp\/v2\/media?parent=388"}],"curies":[{"name":"wp","href":"https:\/\/api.w.org\/{rel}","templated":true}]}}