{"id":5,"date":"2015-05-26T22:17:44","date_gmt":"2015-05-26T21:17:44","guid":{"rendered":"http:\/\/www.sfsnmc.org\/dev\/?page_id=5"},"modified":"2020-06-05T12:51:03","modified_gmt":"2020-06-05T11:51:03","slug":"en-savoir-plus","status":"publish","type":"page","link":"https:\/\/www.sfsnmc.org\/index.php\/en-savoir-plus\/","title":{"rendered":"En savoir plus"},"content":{"rendered":"<div id=\"bk16\" class=\"bk-widget widget-columns widget-columns-AI57G2\">\n<div id=\"bk18\" class=\"control-zone widget-columns-column widget-columns-column-37O3XQ\">\n<div class=\"widget-columns-column-padding\">\n<div id=\"bk19\" class=\"bk-widget widget-content widget-content-G4VDV7\">\n<p>La Soci\u00e9t\u00e9 Fran\u00e7aise de Science Nucl\u00e9aire dans la Mati\u00e8re Condens\u00e9e (SFSNMC) a pour objet de regrouper tous les francophones int\u00e9ress\u00e9s par la Fusion Froide. Vingt cinq ans apr\u00e8s l\u2019annonce de sa d\u00e9couverte (1989) par les Professeurs Martin Fleischmann et Stanley Pons, de nombreux chercheurs dans le monde travaillent dans ce domaine. Depuis dix ans, une soci\u00e9t\u00e9 savante internationale est en place, elle regroupe les chercheurs de ce domaine, elle se nomme l\u2019International Society for Condensed Matter Nuclear Science. Elle organise r\u00e9guli\u00e8rement des conf\u00e9rences internationales et publie une revue sp\u00e9cifique, le Journal of Condensed Matter Nuclear Science. Aux \u00c9tats-Unis, des r\u00e9unions ont lieu chaque ann\u00e9e au MIT. Au Japon, une soci\u00e9t\u00e9 savante organise chaque ann\u00e9e des conf\u00e9rences nationales, il en est de m\u00eame en Russie. En Italie, des Workshops ont lieu aussi de mani\u00e8re r\u00e9guli\u00e8re. En langue fran\u00e7aise, il n\u2019existait jusqu\u2019\u00e0 pr\u00e9sent rien de tel. Cette association vise \u00e0 remplir ce vide, en r\u00e9unissant toutes les personnes int\u00e9ress\u00e9es, et en organisant des conf\u00e9rences scientifiques annuelles.<\/p>\n<p style=\"text-align: right;\"><em>Publi\u00e9 en 2014<\/em><\/p>\n<\/div>\n<\/div>\n<\/div>\n<\/div>\n","protected":false},"excerpt":{"rendered":"<p>La Soci\u00e9t\u00e9 Fran\u00e7aise de Science Nucl\u00e9aire dans la Mati\u00e8re Condens\u00e9e (SFSNMC) a pour objet de regrouper tous les francophones int\u00e9ress\u00e9s par la Fusion Froide. Vingt cinq ans apr\u00e8s l\u2019annonce de sa d\u00e9couverte (1989) par les Professeurs Martin Fleischmann et Stanley Pons, de nombreux chercheurs dans le monde travaillent dans ce domaine. Depuis dix ans, une&hellip;<\/p>\n","protected":false},"author":1,"featured_media":0,"parent":0,"menu_order":1,"comment_status":"closed","ping_status":"closed","template":"page-templates\/template-full-width.php","meta":{"footnotes":""},"class_list":["post-5","page","type-page","status-publish","hentry"],"_links":{"self":[{"href":"https:\/\/www.sfsnmc.org\/index.php\/wp-json\/wp\/v2\/pages\/5","targetHints":{"allow":["GET"]}}],"collection":[{"href":"https:\/\/www.sfsnmc.org\/index.php\/wp-json\/wp\/v2\/pages"}],"about":[{"href":"https:\/\/www.sfsnmc.org\/index.php\/wp-json\/wp\/v2\/types\/page"}],"author":[{"embeddable":true,"href":"https:\/\/www.sfsnmc.org\/index.php\/wp-json\/wp\/v2\/users\/1"}],"replies":[{"embeddable":true,"href":"https:\/\/www.sfsnmc.org\/index.php\/wp-json\/wp\/v2\/comments?post=5"}],"version-history":[{"count":13,"href":"https:\/\/www.sfsnmc.org\/index.php\/wp-json\/wp\/v2\/pages\/5\/revisions"}],"predecessor-version":[{"id":408,"href":"https:\/\/www.sfsnmc.org\/index.php\/wp-json\/wp\/v2\/pages\/5\/revisions\/408"}],"wp:attachment":[{"href":"https:\/\/www.sfsnmc.org\/index.php\/wp-json\/wp\/v2\/media?parent=5"}],"curies":[{"name":"wp","href":"https:\/\/api.w.org\/{rel}","templated":true}]}}