{"id":573,"date":"2025-11-18T12:53:50","date_gmt":"2025-11-18T11:53:50","guid":{"rendered":"https:\/\/www.sfsnmc.org\/?page_id=573"},"modified":"2025-11-18T12:53:50","modified_gmt":"2025-11-18T11:53:50","slug":"confirmation-de-lenregistrement-registration-successful","status":"publish","type":"page","link":"https:\/\/www.sfsnmc.org\/index.php\/iwahlm-17\/confirmation-de-lenregistrement-registration-successful\/","title":{"rendered":"Confirmation de l&rsquo;enregistrement &#8211; Registration successful"},"content":{"rendered":"<p>Cher participant,<\/p>\n<p>Vos frais d&rsquo;inscription ont \u00e9t\u00e9 trait\u00e9s par PayPal. Nous vous remercions de votre contribution \u00e0 cette conf\u00e9rence.<\/p>\n<p>Veuillez \u00e9galement vous assurer d&rsquo;avoir enregistr\u00e9 vos informations personnelles sur la page d&rsquo;inscription accessible ici.<\/p>\n<p>&nbsp;<\/p>\n<p>Dear participant,<\/p>\n<p>Your registration fee has been processed by PayPal, thank you for your contribution to this conference.<\/p>\n<p>Please make sure you have also registered your personal information to the registration page available here.<\/p>\n","protected":false},"excerpt":{"rendered":"<p>Cher participant, Vos frais d&rsquo;inscription ont \u00e9t\u00e9 trait\u00e9s par PayPal. Nous vous remercions de votre contribution \u00e0 cette conf\u00e9rence. Veuillez \u00e9galement vous assurer d&rsquo;avoir enregistr\u00e9 vos informations personnelles sur la page d&rsquo;inscription accessible ici. &nbsp; Dear participant, Your registration fee has been processed by PayPal, thank you for your contribution to this conference. Please make&hellip;<\/p>\n","protected":false},"author":1,"featured_media":0,"parent":556,"menu_order":0,"comment_status":"closed","ping_status":"closed","template":"","meta":{"footnotes":""},"class_list":["post-573","page","type-page","status-publish","hentry"],"_links":{"self":[{"href":"https:\/\/www.sfsnmc.org\/index.php\/wp-json\/wp\/v2\/pages\/573","targetHints":{"allow":["GET"]}}],"collection":[{"href":"https:\/\/www.sfsnmc.org\/index.php\/wp-json\/wp\/v2\/pages"}],"about":[{"href":"https:\/\/www.sfsnmc.org\/index.php\/wp-json\/wp\/v2\/types\/page"}],"author":[{"embeddable":true,"href":"https:\/\/www.sfsnmc.org\/index.php\/wp-json\/wp\/v2\/users\/1"}],"replies":[{"embeddable":true,"href":"https:\/\/www.sfsnmc.org\/index.php\/wp-json\/wp\/v2\/comments?post=573"}],"version-history":[{"count":1,"href":"https:\/\/www.sfsnmc.org\/index.php\/wp-json\/wp\/v2\/pages\/573\/revisions"}],"predecessor-version":[{"id":574,"href":"https:\/\/www.sfsnmc.org\/index.php\/wp-json\/wp\/v2\/pages\/573\/revisions\/574"}],"up":[{"embeddable":true,"href":"https:\/\/www.sfsnmc.org\/index.php\/wp-json\/wp\/v2\/pages\/556"}],"wp:attachment":[{"href":"https:\/\/www.sfsnmc.org\/index.php\/wp-json\/wp\/v2\/media?parent=573"}],"curies":[{"name":"wp","href":"https:\/\/api.w.org\/{rel}","templated":true}]}}